{"id":78,"date":"2025-04-09T20:05:49","date_gmt":"2025-04-09T20:05:49","guid":{"rendered":"https:\/\/zemire.ch\/?page_id=78"},"modified":"2025-04-09T20:15:39","modified_gmt":"2025-04-09T20:15:39","slug":"paediatric-basic-life-support-e-defibrillation","status":"publish","type":"page","link":"https:\/\/zemire.ch\/?page_id=78","title":{"rendered":"Paediatric Basic Life Support e Defibrillation"},"content":{"rendered":"\n<figure class=\"wp-block-image size-full is-resized\"><img loading=\"lazy\" decoding=\"async\" width=\"558\" height=\"564\" src=\"https:\/\/zemire.ch\/wp-content\/uploads\/2025\/03\/pbls-gf.png\" alt=\"\" class=\"wp-image-57\" style=\"width:129px;height:auto\" srcset=\"https:\/\/zemire.ch\/wp-content\/uploads\/2025\/03\/pbls-gf.png 558w, https:\/\/zemire.ch\/wp-content\/uploads\/2025\/03\/pbls-gf-297x300.png 297w\" sizes=\"auto, (max-width: 558px) 100vw, 558px\" \/><\/figure>\n\n\n\n<p>La formation DAN Paediatric Basic Life Support &amp; Defibrillation PBLS(D) est une extension de la formation DAN Basic Life Support (pour adultes). Ce programme est con\u00e7u pour vous enseigner les comp\u00e9tences n\u00e9cessaires pour g\u00e9rer l&rsquo;arr\u00eat cardiaque d&rsquo;une victime p\u00e9diatrique \u00e0 l&rsquo;aide d&rsquo;un D\u00e9fibrillateur Automatis\u00e9 Externe (DAE).<\/p>\n\n\n\n<p><strong>DAN Paediatric Basic Life Support &amp; Defibrillation PBLS(D)&nbsp;<\/strong><\/p>\n\n\n\n<figure class=\"wp-block-image size-full is-resized\"><img loading=\"lazy\" decoding=\"async\" width=\"528\" height=\"600\" src=\"https:\/\/zemire.ch\/wp-content\/uploads\/2025\/04\/PBLSD.jpg\" alt=\"\" class=\"wp-image-79\" style=\"width:333px;height:auto\" srcset=\"https:\/\/zemire.ch\/wp-content\/uploads\/2025\/04\/PBLSD.jpg 528w, https:\/\/zemire.ch\/wp-content\/uploads\/2025\/04\/PBLSD-264x300.jpg 264w\" sizes=\"auto, (max-width: 528px) 100vw, 528px\" \/><\/figure>\n\n\n\n<p>La formation&nbsp;<strong>DAN Paediatric Basic Life Support &amp; Defibrillation PBLS(D)&nbsp;<\/strong>est destin\u00e9e \u00e0 toute personne souhaitant apprendre les techniques de premiers secours adapt\u00e9es aux enfants et aux nourrissons. Le programme comprend le d\u00e9veloppement des connaissances et des comp\u00e9tences techniques pour la gestion de l&rsquo;arr\u00eat cardiaque et de l&rsquo;obstruction des voies a\u00e9riennes par un corps \u00e9tranger chez l&rsquo;enfant et le nourrisson, en combinant les techniques PBLS avec l&rsquo;utilisation d&rsquo;un D\u00e9fibrillateur Automatis\u00e9 Externe (DAE).<\/p>\n\n\n\n<p>Le cours DAN PBLSD est fortement recommand\u00e9 aux professionnels de l&rsquo;enfance et \u00e0 tous ceux qui vivent ou travaillent avec des enfants (par exemple, les enseignants, les entra\u00eeneurs sportifs, les parents et les grands-parents).<\/p>\n\n\n\n<div class=\"wp-block-group has-global-padding is-layout-constrained wp-block-group-is-layout-constrained\">\n<p><strong>Objectifs principaux<\/strong><\/p>\n\n\n\n<ul class=\"wp-block-list\">\n<li>Gestes de premiers secours p\u00e9diatriques chez l\u2019enfant et le nourrisson<\/li>\n\n\n\n<li>R\u00e9animation cardio-pulmonaire (RCP) p\u00e9diatrique chez l\u2019enfant et le nourrisson<\/li>\n\n\n\n<li>Obstruction des voies a\u00e9riennes par un corps \u00e9tranger<\/li>\n\n\n\n<li>Utilisation d\u2019un D\u00e9fibrillateur Automatis\u00e9 Externe (DAE)<\/li>\n<\/ul>\n<\/div>\n\n\n\n<p><strong>Dur\u00e9e de la formation<\/strong><\/p>\n\n\n\n<p>3 heures (en compl\u00e9ment de la session DAN BLS pour adultes)<\/p>\n\n\n\n<p><strong>Pr\u00e9-requis<\/strong><\/p>\n\n\n\n<p>Certification DAN Basic Life Support &amp; Defibrillation&nbsp;<em>(pour adultes)<\/em><\/p>\n\n\n\n<p><strong>Renouvellement de la certification<\/strong><\/p>\n\n\n\n<p>Tous les 24 mois<\/p>\n","protected":false},"excerpt":{"rendered":"<p>La formation DAN Paediatric Basic Life Support &amp; Defibrillation PBLS(D) est une extension de la formation DAN Basic Life Support (pour adultes). Ce programme est con\u00e7u pour vous enseigner les comp\u00e9tences n\u00e9cessaires pour g\u00e9rer l&rsquo;arr\u00eat cardiaque d&rsquo;une victime p\u00e9diatrique \u00e0 l&rsquo;aide d&rsquo;un D\u00e9fibrillateur Automatis\u00e9 Externe (DAE). DAN Paediatric Basic Life Support &amp; Defibrillation PBLS(D)&nbsp; La [&hellip;]<\/p>\n","protected":false},"author":1,"featured_media":0,"parent":0,"menu_order":0,"comment_status":"closed","ping_status":"closed","template":"","meta":{"site-container-style":"default","site-container-layout":"default","site-sidebar-layout":"default","site-transparent-header":"default","disable-article-header":"default","disable-site-header":"default","disable-site-footer":"default","disable-content-area-spacing":"default","footnotes":""},"class_list":["post-78","page","type-page","status-publish","hentry"],"_links":{"self":[{"href":"https:\/\/zemire.ch\/index.php?rest_route=\/wp\/v2\/pages\/78","targetHints":{"allow":["GET"]}}],"collection":[{"href":"https:\/\/zemire.ch\/index.php?rest_route=\/wp\/v2\/pages"}],"about":[{"href":"https:\/\/zemire.ch\/index.php?rest_route=\/wp\/v2\/types\/page"}],"author":[{"embeddable":true,"href":"https:\/\/zemire.ch\/index.php?rest_route=\/wp\/v2\/users\/1"}],"replies":[{"embeddable":true,"href":"https:\/\/zemire.ch\/index.php?rest_route=%2Fwp%2Fv2%2Fcomments&post=78"}],"version-history":[{"count":2,"href":"https:\/\/zemire.ch\/index.php?rest_route=\/wp\/v2\/pages\/78\/revisions"}],"predecessor-version":[{"id":90,"href":"https:\/\/zemire.ch\/index.php?rest_route=\/wp\/v2\/pages\/78\/revisions\/90"}],"wp:attachment":[{"href":"https:\/\/zemire.ch\/index.php?rest_route=%2Fwp%2Fv2%2Fmedia&parent=78"}],"curies":[{"name":"wp","href":"https:\/\/api.w.org\/{rel}","templated":true}]}}